{"id":12,"date":"2016-10-31T14:15:22","date_gmt":"2016-10-31T14:15:22","guid":{"rendered":"https:\/\/maxiseguros.pt\/?page_id=12"},"modified":"2023-07-20T06:26:38","modified_gmt":"2023-07-20T06:26:38","slug":"our-services","status":"publish","type":"page","link":"https:\/\/maxiseguros.pt\/index.php\/our-services\/","title":{"rendered":"Services"},"content":{"rendered":"<section class=\"wpb-content-wrapper\"><p>[vc_row full_width=&#8221;stretch_row_content_no_spaces&#8221;][vc_column]<a id=\"sc_anchor_services\" class=\"sc_anchor sc_anchor_visible\" \n\t\ttitle=\"Services\" \n\t\tdata-icon=\"\" \n\t\tdata-url=\"\"\n>Services<\/a>[\/vc_column][\/vc_row][vc_row][vc_column][vc_empty_space height=&#8221;6.2857em&#8221; alter_height=&#8221;none&#8221; hide_on_mobile=&#8221;&#8221;][\/vc_column][\/vc_row][vc_row][vc_column width=&#8221;1\/12&#8243;][\/vc_column][vc_column width=&#8221;5\/6&#8243;][vc_empty_space height=&#8221;6.5714em&#8221; alter_height=&#8221;none&#8221; hide_on_mobile=&#8221;&#8221;][\/vc_column][vc_column width=&#8221;1\/12&#8243;][\/vc_column][\/vc_row][vc_row full_width=&#8221;stretch_row_content_no_spaces&#8221; equal_height=&#8221;yes&#8221; content_placement=&#8221;middle&#8221; css=&#8221;.vc_custom_1484694844129{background-color: #f5f6f7 !important;}&#8221;][vc_column offset=&#8221;vc_col-lg-6 vc_col-md-12 vc_col-xs-12&#8243; css=&#8221;.vc_custom_1484694977701{background-image: url(https:\/\/maxiseguros.pt\/wp-content\/uploads\/2016\/10\/image-14.jpg?id=494) !important;background-position: center !important;background-repeat: no-repeat !important;background-size: cover !important;}&#8221;][vc_empty_space height=&#8221;10em&#8221; alter_height=&#8221;none&#8221; hide_on_mobile=&#8221;&#8221;]<div class=\"sc_item_button sc_button_wrap sc_align_center\"><a href=\"#video\" id=\"sc_button_1594095198\" class=\"sc_button sc_button_round sc_button_icon_left\"><span class=\"sc_button_icon\"><span class=\"icon-play\"><\/span><\/span><\/a><!-- \/.sc_button --><\/div><!-- \/.sc_item_button -->[vc_empty_space height=&#8221;10em&#8221; alter_height=&#8221;none&#8221; hide_on_mobile=&#8221;&#8221;][\/vc_column][vc_column offset=&#8221;vc_col-lg-6 vc_col-md-12 vc_col-xs-12&#8243; css=&#8221;.vc_custom_1484695345699{padding-right: 12.5% !important;padding-left: 12.5% !important;}&#8221;][vc_empty_space height=&#8221;8.5714em&#8221; alter_height=&#8221;none&#8221; hide_on_mobile=&#8221;&#8221;]<div id=\"sc_content_342776135\"\n\t\tclass=\"sc_content sc_content_default\"><h6 class=\"sc_item_subtitle sc_content_subtitle sc_align_default sc_item_title_style_default\">A Few Words About Us<\/h6><h3 class=\"sc_item_title sc_content_title sc_align_default sc_item_title_style_default\">About Our Services<\/h3><div class=\"sc_content_container\">[vc_column_text]<strong>Nunc posuere ornare massa quis convallis. Nunc at pharetra metus, sed feugiat lorem.<\/strong><br \/>\nSed fringilla, lacus et placerat scelerisque, ipsum urna tincidunt erat, eget vulputate neque magna quis neque. Etiam dictum varius nunc et fringilla. Maecenas venenatis posuere magna.<br \/>\nLorem ipsum dolor sit amet, consectetur adipisicing elit, sed do eiusmod tempor incididunt ut labore et dolore magna aliqua.[\/vc_column_text][vc_empty_space height=&#8221;2.7143em&#8221; alter_height=&#8221;none&#8221; hide_on_mobile=&#8221;&#8221;][vc_column_text]<\/p>\n<h6>Skills<\/h6>\n<p>[\/vc_column_text][vc_empty_space height=&#8221;1.5714em&#8221; alter_height=&#8221;none&#8221; hide_on_mobile=&#8221;&#8221;][vc_progress_bar values=&#8221;%5B%7B%22label%22%3A%22Life%20Insurance%22%2C%22value%22%3A%2295%22%7D%2C%7B%22label%22%3A%22Auto%20Insurance%22%2C%22value%22%3A%22100%22%7D%2C%7B%22label%22%3A%22Travel%20Insurance%22%2C%22value%22%3A%2298%22%7D%5D&#8221; bgcolor=&#8221;custom&#8221; narrow=&#8221;1&#8243; units=&#8221;%&#8221; custombgcolor=&#8221;#2c3459&#8243;]<\/div><\/div><!-- \/.sc_content -->[vc_empty_space height=&#8221;9.4286em&#8221; alter_height=&#8221;none&#8221; hide_on_mobile=&#8221;&#8221;][\/vc_column][\/vc_row][vc_row][vc_column][vc_empty_space height=&#8221;6.5714em&#8221; alter_height=&#8221;none&#8221; hide_on_mobile=&#8221;&#8221;][vc_column_text]<\/p>\n<h2 style=\"text-align: center;\">Testimonials<\/h2>\n<p>[\/vc_column_text][vc_empty_space height=&#8221;2.2143em&#8221; alter_height=&#8221;none&#8221; hide_on_mobile=&#8221;&#8221;][\/vc_column][\/vc_row][vc_row][vc_column width=&#8221;1\/6&#8243; offset=&#8221;vc_hidden-sm vc_hidden-xs&#8221;][\/vc_column][vc_column css=&#8221;.vc_custom_1484642465630{background-position: center !important;background-repeat: no-repeat !important;background-size: cover !important;}&#8221; offset=&#8221;vc_col-lg-8 vc_col-md-8 vc_col-xs-12&#8243;]<div class=\"sc_testimonials sc_testimonials_default swiper-slider-container slider_swiper slider_noresize slider_nocontrols slider_pagination\" data-slides-space=\"30\" data-slides-min-width=\"150\"\t\t>\n\t\t<div class=\"sc_testimonials_slider sc_item_slider slides swiper-wrapper\"><div class=\"swiper-slide\"><div class=\"sc_testimonials_item\">\n\t<div class=\"sc_testimonials_item_content\"><p>H\u00e1 mais de 15 anos que confio todos os meus seguros \u00e0 <strong>Maxiseguros<\/strong>, pois conseguem manter o melhor pre\u00e7o juntamente com a melhor qualidade de servi\u00e7o e benef\u00edcios. Desde Seguro Auto, a Seguro de Vida e de Habita\u00e7\u00e3o! Muito obrigado por serem o meu fiel parceiro, onde me sinto seguro!<\/p>\n<\/div>\n\t<div class=\"sc_testimonials_item_author\">\n\t\t\t\t\t<div class=\"sc_testimonials_item_author_avatar\"><img width=\"90\" height=\"90\" src=\"https:\/\/maxiseguros.pt\/wp-content\/uploads\/2016\/11\/testimonial-3-1-90x90.jpg\" class=\"attachment-insugroup-thumb-tiny size-insugroup-thumb-tiny wp-post-image\" alt=\"Jo\u00e3o Mota\" decoding=\"async\" srcset=\"https:\/\/maxiseguros.pt\/wp-content\/uploads\/2016\/11\/testimonial-3-1-90x90.jpg 90w, https:\/\/maxiseguros.pt\/wp-content\/uploads\/2016\/11\/testimonial-3-1-300x300.jpg 300w, https:\/\/maxiseguros.pt\/wp-content\/uploads\/2016\/11\/testimonial-3-1-100x100.jpg 100w, https:\/\/maxiseguros.pt\/wp-content\/uploads\/2016\/11\/testimonial-3-1-150x150.jpg 150w, https:\/\/maxiseguros.pt\/wp-content\/uploads\/2016\/11\/testimonial-3-1-370x370.jpg 370w, https:\/\/maxiseguros.pt\/wp-content\/uploads\/2016\/11\/testimonial-3-1.jpg 500w\" sizes=\"(max-width: 90px) 100vw, 90px\" \/><\/div>\n\t\t\t\t<div class=\"sc_testimonials_item_author_data\">\n\t\t\t<h4 class=\"sc_testimonials_item_author_title\">Jo\u00e3o Mota<\/h4>\n\t\t\t<div class=\"sc_testimonials_item_author_subtitle\">Production Manager<\/div>\n\t\t<\/div>\n\t<\/div>\n<\/div>\n<\/div><div class=\"swiper-slide\"><div class=\"sc_testimonials_item\">\n\t<div class=\"sc_testimonials_item_content\"><p>I want to express how grateful I am for the work you guys have done for my family over the past years. I am absolutely pleased and satisfied with your compnay&#8217;s services. They work through the process to identify your needs, goals and strategy, and put your plan into action!<\/p>\n<\/div>\n\t<div class=\"sc_testimonials_item_author\">\n\t\t\t\t\t<div class=\"sc_testimonials_item_author_avatar\"><img width=\"90\" height=\"90\" src=\"https:\/\/maxiseguros.pt\/wp-content\/uploads\/2016\/11\/testimonial-2-90x90.jpg\" class=\"attachment-insugroup-thumb-tiny size-insugroup-thumb-tiny wp-post-image\" alt=\"Sara\tGarcia\" decoding=\"async\" srcset=\"https:\/\/maxiseguros.pt\/wp-content\/uploads\/2016\/11\/testimonial-2-90x90.jpg 90w, https:\/\/maxiseguros.pt\/wp-content\/uploads\/2016\/11\/testimonial-2-300x300.jpg 300w, https:\/\/maxiseguros.pt\/wp-content\/uploads\/2016\/11\/testimonial-2-100x100.jpg 100w, https:\/\/maxiseguros.pt\/wp-content\/uploads\/2016\/11\/testimonial-2-150x150.jpg 150w, https:\/\/maxiseguros.pt\/wp-content\/uploads\/2016\/11\/testimonial-2-370x370.jpg 370w, https:\/\/maxiseguros.pt\/wp-content\/uploads\/2016\/11\/testimonial-2.jpg 500w\" sizes=\"(max-width: 90px) 100vw, 90px\" \/><\/div>\n\t\t\t\t<div class=\"sc_testimonials_item_author_data\">\n\t\t\t<h4 class=\"sc_testimonials_item_author_title\">Sara\tGarcia<\/h4>\n\t\t\t<div class=\"sc_testimonials_item_author_subtitle\">School Teacher<\/div>\n\t\t<\/div>\n\t<\/div>\n<\/div>\n<\/div><\/div><div class=\"slider_pagination_wrap swiper-pagination\"><\/div><\/div><!-- \/.sc_testimonials -->[\/vc_column][vc_column width=&#8221;1\/6&#8243; offset=&#8221;vc_hidden-sm vc_hidden-xs&#8221;][\/vc_column][\/vc_row][vc_row full_width=&#8221;stretch_row_content_no_spaces&#8221;][vc_column][vc_empty_space height=&#8221;4.5714em&#8221; alter_height=&#8221;none&#8221; hide_on_mobile=&#8221;&#8221;][vc_separator color=&#8221;custom&#8221; accent_color=&#8221;#e7e7ea&#8221;][\/vc_column][\/vc_row][vc_row equal_height=&#8221;yes&#8221;][vc_column width=&#8221;1\/6&#8243; offset=&#8221;vc_col-lg-2 vc_col-md-2 vc_col-xs-6&#8243;][vc_single_image image=&#8221;503&#8243; img_size=&#8221;full&#8221; alignment=&#8221;center&#8221;][\/vc_column][vc_column width=&#8221;1\/6&#8243; offset=&#8221;vc_col-lg-2 vc_col-md-2 vc_col-xs-6&#8243;][vc_single_image image=&#8221;504&#8243; img_size=&#8221;full&#8221; alignment=&#8221;center&#8221;][\/vc_column][vc_column width=&#8221;1\/6&#8243; offset=&#8221;vc_col-lg-2 vc_col-md-2 vc_col-xs-6&#8243;][vc_single_image image=&#8221;505&#8243; img_size=&#8221;full&#8221; alignment=&#8221;center&#8221;][\/vc_column][vc_column width=&#8221;1\/6&#8243; offset=&#8221;vc_col-lg-2 vc_col-md-2 vc_col-xs-6&#8243;][vc_single_image image=&#8221;506&#8243; img_size=&#8221;full&#8221; alignment=&#8221;center&#8221;][\/vc_column][vc_column width=&#8221;1\/6&#8243; offset=&#8221;vc_col-lg-2 vc_col-md-2 vc_col-xs-6&#8243;][vc_single_image image=&#8221;507&#8243; img_size=&#8221;full&#8221; alignment=&#8221;center&#8221;][\/vc_column][vc_column width=&#8221;1\/6&#8243; offset=&#8221;vc_col-lg-2 vc_col-md-2 vc_col-xs-6&#8243;][vc_single_image image=&#8221;506&#8243; img_size=&#8221;full&#8221; alignment=&#8221;center&#8221;][\/vc_column][\/vc_row][vc_row full_width=&#8221;stretch_row_content_no_spaces&#8221;][vc_column][vc_empty_space height=&#8221;2em&#8221; alter_height=&#8221;none&#8221; hide_on_mobile=&#8221;&#8221;][\/vc_column][\/vc_row]<\/p>\n<\/section>","protected":false},"excerpt":{"rendered":"<p>[vc_row full_width=&#8221;stretch_row_content_no_spaces&#8221;][vc_column][\/vc_column][\/vc_row][vc_row][vc_column][vc_empty_space height=&#8221;6.2857em&#8221; alter_height=&#8221;none&#8221; hide_on_mobile=&#8221;&#8221;][\/vc_column][\/vc_row][vc_row][vc_column width=&#8221;1\/12&#8243;][\/vc_column][vc_column width=&#8221;5\/6&#8243;][vc_empty_space height=&#8221;6.5714em&#8221; alter_height=&#8221;none&#8221; hide_on_mobile=&#8221;&#8221;][\/vc_column][vc_column width=&#8221;1\/12&#8243;][\/vc_column][\/vc_row][vc_row full_width=&#8221;stretch_row_content_no_spaces&#8221; equal_height=&#8221;yes&#8221; content_placement=&#8221;middle&#8221; css=&#8221;.vc_custom_1484694844129{background-color: #f5f6f7 !important;}&#8221;][vc_column offset=&#8221;vc_col-lg-6 vc_col-md-12 vc_col-xs-12&#8243; css=&#8221;.vc_custom_1484694977701{background-image: url(https:\/\/maxiseguros.pt\/wp-content\/uploads\/2016\/10\/image-14.jpg?id=494) !important;background-position: center !important;background-repeat: no-repeat !important;background-size: cover !important;}&#8221;][vc_empty_space height=&#8221;10em&#8221; alter_height=&#8221;none&#8221; hide_on_mobile=&#8221;&#8221;][vc_empty_space height=&#8221;10em&#8221; alter_height=&#8221;none&#8221; hide_on_mobile=&#8221;&#8221;][\/vc_column][vc_column offset=&#8221;vc_col-lg-6 vc_col-md-12 vc_col-xs-12&#8243; css=&#8221;.vc_custom_1484695345699{padding-right: 12.5%&hellip;<\/p>\n","protected":false},"author":1,"featured_media":0,"parent":0,"menu_order":0,"comment_status":"closed","ping_status":"closed","template":"","meta":{"footnotes":""},"_links":{"self":[{"href":"https:\/\/maxiseguros.pt\/index.php\/wp-json\/wp\/v2\/pages\/12"}],"collection":[{"href":"https:\/\/maxiseguros.pt\/index.php\/wp-json\/wp\/v2\/pages"}],"about":[{"href":"https:\/\/maxiseguros.pt\/index.php\/wp-json\/wp\/v2\/types\/page"}],"author":[{"embeddable":true,"href":"https:\/\/maxiseguros.pt\/index.php\/wp-json\/wp\/v2\/users\/1"}],"replies":[{"embeddable":true,"href":"https:\/\/maxiseguros.pt\/index.php\/wp-json\/wp\/v2\/comments?post=12"}],"version-history":[{"count":1,"href":"https:\/\/maxiseguros.pt\/index.php\/wp-json\/wp\/v2\/pages\/12\/revisions"}],"predecessor-version":[{"id":2005,"href":"https:\/\/maxiseguros.pt\/index.php\/wp-json\/wp\/v2\/pages\/12\/revisions\/2005"}],"wp:attachment":[{"href":"https:\/\/maxiseguros.pt\/index.php\/wp-json\/wp\/v2\/media?parent=12"}],"curies":[{"name":"wp","href":"https:\/\/api.w.org\/{rel}","templated":true}]}}